{"id":233,"date":"2022-10-11T18:20:56","date_gmt":"2022-10-11T18:20:56","guid":{"rendered":"https:\/\/suministroshoreb.com.mx\/?post_type=product&#038;p=233"},"modified":"2022-10-11T18:20:56","modified_gmt":"2022-10-11T18:20:56","slug":"alcantarilla-metalica","status":"publish","type":"product","link":"https:\/\/suministroshoreb.com.mx\/index.php\/producto\/alcantarilla-metalica\/","title":{"rendered":"ALCANTARILLA METALICA"},"content":{"rendered":"<p>Son utilizadas en las obras de infraestructura rural y urbana y est\u00e1n formadas por tubos de diferentes dimensiones para cumplir la funci\u00f3n de llevar a cabo el desag\u00fce de las aguas residuales, domiciliarias o pluviales de las zonas rurales, carreteras, autopistas, t\u00faneles, etc.<\/p>\n","protected":false},"excerpt":{"rendered":"<p>Son utilizadas en las obras de infraestructura rural y urbana y est\u00e1n formadas por tubos de diferentes dimensiones para cumplir la funci\u00f3n de llevar a cabo el desag\u00fce de las aguas residuales, domiciliarias o pluviales de las zonas rurales, carreteras, autopistas, t\u00faneles, etc.<\/p>\n","protected":false},"featured_media":234,"comment_status":"open","ping_status":"closed","template":"","meta":{"om_disable_all_campaigns":false,"_monsterinsights_skip_tracking":false,"_monsterinsights_sitenote_active":false,"_monsterinsights_sitenote_note":"","_monsterinsights_sitenote_category":0},"product_cat":[18],"product_tag":[],"aioseo_notices":[],"featured_media_urls":{"thumbnail":["https:\/\/suministroshoreb.com.mx\/wp-content\/uploads\/2022\/10\/alcantarila-metalica-150x150.png",150,150,true],"medium":["https:\/\/suministroshoreb.com.mx\/wp-content\/uploads\/2022\/10\/alcantarila-metalica-300x187.png",300,187,true],"medium_large":["https:\/\/suministroshoreb.com.mx\/wp-content\/uploads\/2022\/10\/alcantarila-metalica.png",600,373,false],"large":["https:\/\/suministroshoreb.com.mx\/wp-content\/uploads\/2022\/10\/alcantarila-metalica.png",600,373,false],"1536x1536":["https:\/\/suministroshoreb.com.mx\/wp-content\/uploads\/2022\/10\/alcantarila-metalica.png",600,373,false],"2048x2048":["https:\/\/suministroshoreb.com.mx\/wp-content\/uploads\/2022\/10\/alcantarila-metalica.png",600,373,false],"inspiro-featured-image":["https:\/\/suministroshoreb.com.mx\/wp-content\/uploads\/2022\/10\/alcantarila-metalica.png",600,373,false],"inspiro-loop":["https:\/\/suministroshoreb.com.mx\/wp-content\/uploads\/2022\/10\/alcantarila-metalica-600x320.png",600,320,true],"inspiro-loop@2x":["https:\/\/suministroshoreb.com.mx\/wp-content\/uploads\/2022\/10\/alcantarila-metalica.png",600,373,false],"mailpoet_newsletter_max":["https:\/\/suministroshoreb.com.mx\/wp-content\/uploads\/2022\/10\/alcantarila-metalica.png",600,373,false],"woocommerce_thumbnail":["https:\/\/suministroshoreb.com.mx\/wp-content\/uploads\/2022\/10\/alcantarila-metalica-300x300.png",300,300,true],"woocommerce_single":["https:\/\/suministroshoreb.com.mx\/wp-content\/uploads\/2022\/10\/alcantarila-metalica.png",600,373,false],"woocommerce_gallery_thumbnail":["https:\/\/suministroshoreb.com.mx\/wp-content\/uploads\/2022\/10\/alcantarila-metalica-100x100.png",100,100,true],"portfolio_item-thumbnail":["https:\/\/suministroshoreb.com.mx\/wp-content\/uploads\/2022\/10\/alcantarila-metalica.png",600,373,false],"portfolio_item-masonry":["https:\/\/suministroshoreb.com.mx\/wp-content\/uploads\/2022\/10\/alcantarila-metalica.png",600,373,false],"portfolio_item-thumbnail_cinema":["https:\/\/suministroshoreb.com.mx\/wp-content\/uploads\/2022\/10\/alcantarila-metalica-600x335.png",600,335,true],"portfolio_item-thumbnail_portrait":["https:\/\/suministroshoreb.com.mx\/wp-content\/uploads\/2022\/10\/alcantarila-metalica.png",600,373,false],"portfolio_item-thumbnail_square":["https:\/\/suministroshoreb.com.mx\/wp-content\/uploads\/2022\/10\/alcantarila-metalica.png",600,373,false]},"_links":{"self":[{"href":"https:\/\/suministroshoreb.com.mx\/index.php\/wp-json\/wp\/v2\/product\/233"}],"collection":[{"href":"https:\/\/suministroshoreb.com.mx\/index.php\/wp-json\/wp\/v2\/product"}],"about":[{"href":"https:\/\/suministroshoreb.com.mx\/index.php\/wp-json\/wp\/v2\/types\/product"}],"replies":[{"embeddable":true,"href":"https:\/\/suministroshoreb.com.mx\/index.php\/wp-json\/wp\/v2\/comments?post=233"}],"wp:featuredmedia":[{"embeddable":true,"href":"https:\/\/suministroshoreb.com.mx\/index.php\/wp-json\/wp\/v2\/media\/234"}],"wp:attachment":[{"href":"https:\/\/suministroshoreb.com.mx\/index.php\/wp-json\/wp\/v2\/media?parent=233"}],"wp:term":[{"taxonomy":"product_cat","embeddable":true,"href":"https:\/\/suministroshoreb.com.mx\/index.php\/wp-json\/wp\/v2\/product_cat?post=233"},{"taxonomy":"product_tag","embeddable":true,"href":"https:\/\/suministroshoreb.com.mx\/index.php\/wp-json\/wp\/v2\/product_tag?post=233"}],"curies":[{"name":"wp","href":"https:\/\/api.w.org\/{rel}","templated":true}]}}