{"id":769,"date":"2022-10-21T15:00:58","date_gmt":"2022-10-21T15:00:58","guid":{"rendered":"https:\/\/suministroshoreb.com.mx\/?post_type=product&#038;p=769"},"modified":"2022-10-21T15:22:49","modified_gmt":"2022-10-21T15:22:49","slug":"pintura-epoxica","status":"publish","type":"product","link":"https:\/\/suministroshoreb.com.mx\/index.php\/producto\/pintura-epoxica\/","title":{"rendered":"PINTURA EP\u00d3XICA"},"content":{"rendered":"<p>Pintura apu alto brillo, buena resistencia a la exposici\u00f3n en exteriores, abrasi\u00f3n por tr\u00e1fico peatonal, \u00e1cidos y al c\u00e1liz diluidos.<\/p>\n<p>Uso:<\/p>\n<ul>\n<li>Pisos comerciales<\/li>\n<li>Hospitales<\/li>\n<li>Laboratorios<\/li>\n<li>Industriales<\/li>\n<\/ul>\n","protected":false},"excerpt":{"rendered":"<p>Pintura apu alto brillo, buena resistencia a la exposici\u00f3n en exteriores, abrasi\u00f3n por tr\u00e1fico peatonal, \u00e1cidos y al c\u00e1liz diluidos. Uso: Pisos comerciales Hospitales Laboratorios Industriales<\/p>\n","protected":false},"featured_media":770,"comment_status":"open","ping_status":"closed","template":"","meta":{"om_disable_all_campaigns":false,"_monsterinsights_skip_tracking":false,"_monsterinsights_sitenote_active":false,"_monsterinsights_sitenote_note":"","_monsterinsights_sitenote_category":0},"product_cat":[18],"product_tag":[],"aioseo_notices":[],"featured_media_urls":{"thumbnail":["https:\/\/suministroshoreb.com.mx\/wp-content\/uploads\/2022\/10\/IMG-20221021-WA0004-150x150.jpg",150,150,true],"medium":["https:\/\/suministroshoreb.com.mx\/wp-content\/uploads\/2022\/10\/IMG-20221021-WA0004-300x225.jpg",300,225,true],"medium_large":["https:\/\/suministroshoreb.com.mx\/wp-content\/uploads\/2022\/10\/IMG-20221021-WA0004-768x576.jpg",768,576,true],"large":["https:\/\/suministroshoreb.com.mx\/wp-content\/uploads\/2022\/10\/IMG-20221021-WA0004-1024x768.jpg",950,713,true],"1536x1536":["https:\/\/suministroshoreb.com.mx\/wp-content\/uploads\/2022\/10\/IMG-20221021-WA0004-1536x1153.jpg",1536,1153,true],"2048x2048":["https:\/\/suministroshoreb.com.mx\/wp-content\/uploads\/2022\/10\/IMG-20221021-WA0004.jpg",1599,1200,false],"inspiro-featured-image":["https:\/\/suministroshoreb.com.mx\/wp-content\/uploads\/2022\/10\/IMG-20221021-WA0004.jpg",1599,1200,false],"inspiro-loop":["https:\/\/suministroshoreb.com.mx\/wp-content\/uploads\/2022\/10\/IMG-20221021-WA0004-950x320.jpg",950,320,true],"inspiro-loop@2x":["https:\/\/suministroshoreb.com.mx\/wp-content\/uploads\/2022\/10\/IMG-20221021-WA0004-1599x640.jpg",1599,640,true],"mailpoet_newsletter_max":["https:\/\/suministroshoreb.com.mx\/wp-content\/uploads\/2022\/10\/IMG-20221021-WA0004-1320x991.jpg",1320,991,true],"woocommerce_thumbnail":["https:\/\/suministroshoreb.com.mx\/wp-content\/uploads\/2022\/10\/IMG-20221021-WA0004-300x300.jpg",300,300,true],"woocommerce_single":["https:\/\/suministroshoreb.com.mx\/wp-content\/uploads\/2022\/10\/IMG-20221021-WA0004-600x450.jpg",600,450,true],"woocommerce_gallery_thumbnail":["https:\/\/suministroshoreb.com.mx\/wp-content\/uploads\/2022\/10\/IMG-20221021-WA0004-100x100.jpg",100,100,true],"portfolio_item-thumbnail":["https:\/\/suministroshoreb.com.mx\/wp-content\/uploads\/2022\/10\/IMG-20221021-WA0004-600x400.jpg",600,400,true],"portfolio_item-masonry":["https:\/\/suministroshoreb.com.mx\/wp-content\/uploads\/2022\/10\/IMG-20221021-WA0004-600x450.jpg",600,450,true],"portfolio_item-thumbnail_cinema":["https:\/\/suministroshoreb.com.mx\/wp-content\/uploads\/2022\/10\/IMG-20221021-WA0004-800x335.jpg",800,335,true],"portfolio_item-thumbnail_portrait":["https:\/\/suministroshoreb.com.mx\/wp-content\/uploads\/2022\/10\/IMG-20221021-WA0004-600x900.jpg",600,900,true],"portfolio_item-thumbnail_square":["https:\/\/suministroshoreb.com.mx\/wp-content\/uploads\/2022\/10\/IMG-20221021-WA0004-800x800.jpg",800,800,true]},"_links":{"self":[{"href":"https:\/\/suministroshoreb.com.mx\/index.php\/wp-json\/wp\/v2\/product\/769"}],"collection":[{"href":"https:\/\/suministroshoreb.com.mx\/index.php\/wp-json\/wp\/v2\/product"}],"about":[{"href":"https:\/\/suministroshoreb.com.mx\/index.php\/wp-json\/wp\/v2\/types\/product"}],"replies":[{"embeddable":true,"href":"https:\/\/suministroshoreb.com.mx\/index.php\/wp-json\/wp\/v2\/comments?post=769"}],"wp:featuredmedia":[{"embeddable":true,"href":"https:\/\/suministroshoreb.com.mx\/index.php\/wp-json\/wp\/v2\/media\/770"}],"wp:attachment":[{"href":"https:\/\/suministroshoreb.com.mx\/index.php\/wp-json\/wp\/v2\/media?parent=769"}],"wp:term":[{"taxonomy":"product_cat","embeddable":true,"href":"https:\/\/suministroshoreb.com.mx\/index.php\/wp-json\/wp\/v2\/product_cat?post=769"},{"taxonomy":"product_tag","embeddable":true,"href":"https:\/\/suministroshoreb.com.mx\/index.php\/wp-json\/wp\/v2\/product_tag?post=769"}],"curies":[{"name":"wp","href":"https:\/\/api.w.org\/{rel}","templated":true}]}}